00. Let c be 0 + 4 - 2/2. Suppose -c*q + 0 = p + 1, 4*p - 3*q = 41. What is the remainder when b is divided by p?
7
Let q(t) = -t - 8. Let d be q(-9). Calculate the remainder when 29 is divided by d/(-1) - (4 + -20).
14
Let g be (4 - 3)/((-2)/(-4)). Calculate the remainder when 7/g*4/2 is divided by 3.
1
Suppose 25 = -5*m, -2*z + 5*m + 19 = -4*z. Suppose -5*p - 9 = -k, -z*p = 2*k - 0 - 5. Calculate the remainder when ((-4)/6)/(2/(-33)) is divided by k.
3
Let a(h) = -13*h + 3. Let q(l) = 12*l - 2. Let f(y) = 3*a(y) + 4*q(y). What is the remainder when 39 is divided by f(1)?
9
Let z = 67 + 6. Calculate the remainder when z is divided by 19.
16
What is the remainder when -3 + 4 + 2 + 45 is divided by 27?
21
Suppose -33 = -4*m - 13. Suppose -m*u + 90 = 4*y, 4*u - 2*y + 0*y = 72. Suppose -17 = -q - 7. Calculate the remainder when u is divided by q.
8
Suppose -2*t - t = -18. Suppose -c + 7 = d, 4*c - 4*d = -0*d + 52. Suppose c*x - 75 = 5*x. Calculate the remainder when x is divided by t.
3
Let g = 12 + 15. Calculate the remainder when g is divided by 15.
12
Let l be 3 - (-2 + 4 - 3). Suppose 3*a - 19 = -l*i, 3*i = i + a - 3. Calculate the remainder when 3 is divided by i.
0
Suppose 2 = w - 1. Suppose w*z + 2*s + 32 = 4*z, -3*z - 3*s + 69 = 0. Calculate the remainder when z is divided by 9.
8
Suppose -7*a - 3 + 164 = 0. Calculate the remainder when 67 is divided by a.
21
What is the remainder when (116/12)/(1/3) is divided by 1/5 - 711/(-45)?
13
Let o(s) = 7*s**2 - 1. Let y be o(1). Calculate the remainder when y/2*(-1 - -2) is divided by (2 + (-1)/2)/(12/16).
1
Suppose o + 831 = 4*o. Suppose 27 = 3*d + 2*f, -f - 19 = -2*d + 6. What is the remainder when (-2)/(-9) + o/9 is divided by d?
9
Let a(l) = -l**2 + 6*l + 3. Let j be a(6). Calculate the remainder when 1/j - 62/(-3) is divided by 8.
5
Suppose 4*h + 5 = 1. Let x(f) = -24*f + 1. Let g be x(h). Let t = g + -6. What is the remainder when 55 is divided by t?
17
Suppose -2*q = -0*q - 6. Suppose 4*n = -w + 16, 3*w - 11 = n - 2. Suppose 28 = 5*v + l + w, -4*l = -q*v + 19. What is the remainder when v is divided by 2?
1
Let r(h) = -h**3 + h + 4. Let g(i) = i**2 - 4*i - 5. Let p be g(5). Calculate the remainder when 6 is divided by r(p).
2
Suppose -j = 2*k + k - 19, k = 0. Calculate the remainder when 34 is divided by j.
15
Let n = -18 + 27. Let f(r) = -3*r**3 - r**2 + 2*r + 1. What is the remainder when f(-2) is divided by n?
8
Let k(z) = -z**3 + 6*z**2 + 8*z. Suppose -3*h = -5*d + 11, -1 = -3*d + h + 4. Suppose -o = -2 - d. Calculate the remainder when k(7) is divided by o.
1
Let o(k) = -k**2 - 5*k + 3. Let j(t) = t**2 - 4*t - 3. Let q be j(4). What is the remainder when 25 is divided by o(q)?
7
Let o = 5 - -19. Calculate the remainder when 94 is divided by o.
22
Let t = 111 + -57. Suppose -v = 2*v - t. What is the remainder when 34 is divided by v?
16
Let j(k) = -k**2 + 4*k - 3. Let s be j(5). What is the remainder when (1 + 1)/(s/(-28)) is divided by 4?
3
Let b(m) = m**3 - 2*m**2. Let q be b(4). Suppose 0*f - f = -22. Let s = q - f. Calculate the remainder when 39 is divided by s.
9
Suppose 9 = -3*d, 4*d = -l - l + 110. What is the remainder when l is divided by 7?
5
Let j = -47 + 108. Let r = 66 - 45. Calculate the remainder when j is divided by r.
19
Suppose 4*v - 3*l - 112 = 0, 6*v = v + 3*l + 140. Calculate the remainder when 53 is divided by v.
25
Let a = 15 - -27. Calculate the remainder when a is divided by 12/(-54) + ((-83)/(-9) - -2).
9
Let w(x) = x**2 + 7*x - 1. Let p = 31 + -16. What is the remainder when w(-10) is divided by p?
14
Suppose 0*v = 4*v - 76. Calculate the remainder when v is divided by 5.
4
Suppose -2*p + 2*g - 3*g = -247, -3*g - 235 = -2*p. Suppose 2*c - 38 = 24. What is the remainder when p is divided by c?
29
Let k(d) = -d**3 + d**2 + 6. Let c be k(0). Let y(r) = -2. Let w(u) = -u - 3. Let m(o) = -3*w(o) + 7*y(o). What is the remainder when 37 is divided by m(c)?
11
Let z = 114 - 60. Suppose -3*a - z = -4*b - 0*a, -3*b = -5*a - 46. What is the remainder when 35 is divided by b?
11
Let t be 2/(-3)*63/(-6). Suppose 2*f - t*f = -70. What is the remainder when f is divided by (3 - 2 - 2)*-8?
6
Let t(d) be the first derivative of -d**3/3 - 3*d**2 - 6*d + 2. Let n be t(-4). Let g = n - -9. What is the remainder when g is divided by 6?
5
Calculate the remainder when ((-476)/(-10) - 0) + 4/10 is divided by 10.
8
Suppose -2*l + 4*l + 4 = 0, 5*l = 3*g - 262. Let y = g - 49. What is the remainder when y is divided by 18?
17
Let h = 5 + -3. Suppose -h*b = 3*b - 15. What is the remainder when (b/(-9) - 0)*-15 is divided by 2?
1
What is the remainder when 5 is divided by ((-2)/(-1) + -8)/(-2)?
2
Let s be (-2)/6 + 114/18. Suppose 4*f - f + s = 0, -5*f + 90 = 5*o. Let h(w) = w**2 - w - 1. Calculate the remainder when o is divided by h(4).
9
Let l be 4/12 - (-28)/6. Suppose -l*h + 26 = -284. What is the remainder when h is divided by 16?
14
Let j(t) = -t**2 - 5*t + 8. Let g be j(-8). Let s = g - -30. What is the remainder when 27 is divided by s?
13
Let u = -153 + 219. Let l be (-1384)/(-12) - 2/6. Let t = l - u. Calculate the remainder when t is divided by 17.
15
Suppose 4*c = c + 18. Let o be (3 + 0)*34/(-6). Let z = o + 28. What is the remainder when z is divided by c?
5
Suppose -u - 2*i = -10, -i + 8 = 4*u - 4. Calculate the remainder when 8 is divided by u.
0
Suppose -5*n = -3*k + 68, 2*k + n = k + 12. Suppose 4*c - 1504 = -28*c. Calculate the remainder when c is divided by k.
15
Let d = 1 - 1. Let a(r) = -r**3 - 5*r**2 - 4*r + 5. Let c be a(-4). Let z = c - d. Calculate the remainder when z is divided by 3.
2
Suppose -t = -5*t. Let o = 5 + t. Calculate the remainder when 2 + -1 + 1 + 6 is divided by o.
3
What is the remainder when 14 is divided by (-22)/33 - (-40)/6?
2
Let o(w) = -w + 6. Suppose -2*v + 4*k = -80, 3*v - 3*k - 51 = 63. Calculate the remainder when v is divided by o(-7).
10
Let c = 26 - -71. Suppose 5*d + 3*a - 192 = 0, c = 3*d + 5*a - 15. What is the remainder when d is divided by 20?
19
Let c(q) = -6*q + 4. Let z be c(5). Let j = 61 + z. Let x(m) = m**3 - 5*m**2 + m + 7. What is the remainder when j is divided by x(5)?
11
Let c(q) = 2*q - 7. Let f be c(5). What is the remainder when 25 is divided by 13*2/(-1 + f)?
12
Let b(l) = -l - 4. Let v be b(-7). Suppose 3*o - 2*x = 13, -o + 6*o - 9 = -v*x. Suppose o*f + 15 = 6*f. What is the remainder when f is divided by 3?
2
Let g(u) = -15*u**3 - u**2 + 1. What is the remainder when 29 is divided by g(-1)?
14
Let g be 0/(3 + -2 + 0). Suppose -p + 5 + 4 = g. What is the remainder when p is divided by 5/10 - 45/(-10)?
4
What is the remainder when (-4*(-60)/(-28))/((-1)/14) is divided by 11?
10
Suppose 3*s + 0 + 9 = 0. Let b be s/1*12/(-9). Suppose b*k - k = 15. Calculate the remainder when k is divided by 4.
1
Let b(r) = r**2 + 9*r + 1. What is the remainder when b(-13) is divided by 14?
11
Let m be (0 - 15/(-3))/1. Let p = m - 4. What is the remainder when 1 is divided by p?
0
What is the remainder when 144 is divided by -4 - (501/(-15) - 4/(-10))?
28
Let y = 49 + 49. Suppose -f + y = 19. Suppose -f = -2*b - 29. What is the remainder when b is divided by 9?
7
Let u(n) = -n**2 + 10*n + 24. Calculate the remainder when 35 - (-2 - 0)/2 is divided by u(11).
10
Let y(u) = -u**3 + 6*u**2 + u + 4. Calculate the remainder when -37*5/10*-2 is divided by y(6).
7
Let d(v) = v**3 - 7*v**2 + 4*v + 5. Let u be d(6). Let q(m) = -m**2 - 15*m + 9. What is the remainder when q(u) is divided by 17?
14
Let m = 12 - -1. Let x(i) = i**3 + 5*i**2 + 2*i - 1. Calculate the remainder when m is divided by x(-4).
6
Let u(l) = l**2 + 6*l - 1. Let h be u(-7). Suppose -2*q - 276 = -h*q. Calculate the remainder when q is divided by 18.
15
Let c(x) = x**2 + 13*x + 30. Calculate the remainder when 15 is divided by c(-11).
7
Suppose 2*j - 1332 = -3*j - 2*n, j + 2*n - 260 = 0. Suppose 4*l + 0*l = j. Suppose 4*k - t - l = 8, -k + 15 = t. What is the remainder when 35 is divided by k?
17
Suppose -8 + 34 = 2*s. What is the remainder when 38 is divided by s?
12
Let t(n) = n - 4. Let g be t(-2). Let j(h) = h**3 + 7*h**2 + 7*h + 8. Calculate the remainder when j(g) is divided by 2.
0
Let z = 87 + -58. Calculate the remainder when 52 is divided by z.
23
Let s(r) =